{"id":2480,"date":"2026-03-31T22:42:57","date_gmt":"2026-03-31T22:42:57","guid":{"rendered":"http:\/\/criuoui.cluster100.hosting.ovh.net\/?page_id=2480"},"modified":"2026-04-21T14:31:33","modified_gmt":"2026-04-21T14:31:33","slug":"cookie-richtlinie","status":"publish","type":"page","link":"https:\/\/top-tree.de\/index.php\/cookie-richtlinie\/","title":{"rendered":"Cookie-Richtlinie"},"content":{"rendered":"<style>.elementor-2480 .elementor-element.elementor-element-5775b63{--display:flex;--flex-direction:column;--container-widget-width:100%;--container-widget-height:initial;--container-widget-flex-grow:0;--container-widget-align-self:initial;--flex-wrap-mobile:wrap;--padding-top:8rem;--padding-bottom:08rem;--padding-left:0rem;--padding-right:0rem;}.elementor-2480 .elementor-element.elementor-element-9776f09 .elementor-heading-title{font-family:\"Calistoga\", Sans-serif;color:var( --e-global-color-a7bf2ce );}.elementor-2480 .elementor-element.elementor-element-61edac7{text-align:justify;font-family:\"Manrope\", Sans-serif;font-size:17px;line-height:27px;color:var( --e-global-color-a7bf2ce );}:root{--page-title-display:none;}<\/style>\t\t<div data-elementor-type=\"wp-page\" data-elementor-id=\"2480\" class=\"elementor elementor-2480\" data-elementor-post-type=\"page\">\n\t\t\t\t<div class=\"elementor-element elementor-element-5775b63 e-flex e-con-boxed wpr-particle-no wpr-jarallax-no wpr-parallax-no wpr-sticky-section-no wpr-equal-height-no e-con e-parent\" data-id=\"5775b63\" data-element_type=\"container\" data-e-type=\"container\">\n\t\t\t\t\t<div class=\"e-con-inner\">\n\t\t\t\t<div class=\"elementor-element elementor-element-9776f09 elementor-widget elementor-widget-heading\" data-id=\"9776f09\" data-element_type=\"widget\" data-e-type=\"widget\" data-widget_type=\"heading.default\">\n\t\t\t\t\t<h2 class=\"elementor-heading-title elementor-size-default\">Cookie-Richtlinie<\/h2>\t\t\t\t<\/div>\n\t\t\t\t<div class=\"elementor-element elementor-element-61edac7 elementor-widget elementor-widget-text-editor\" data-id=\"61edac7\" data-element_type=\"widget\" data-e-type=\"widget\" data-widget_type=\"text-editor.default\">\n\t\t\t\t\t\t\t\t\t<p>Diese Cookie-Richtlinie erl\u00e4utert, wie die Website <strong>Top Tree<\/strong> Cookies und \u00e4hnliche Technologien verwendet.<\/p><p><strong>Verantwortliche Stelle<\/strong><br \/>Top Tree<br \/>Inhaber: Julian Jardelot<br \/>Ludwigshafener Str. 22<br \/>67112 Mutterstadt<br \/>Deutschland<\/p><p>Telefon: +49 176 31484406<br \/>E-Mail: toptreebaumpflege@gmail.com<br \/>Web: top-tree.de<\/p><ol><li><strong> Was sind Cookies?<\/strong><br \/>Cookies sind kleine Textdateien, die auf Ihrem Endger\u00e4t gespeichert werden, wenn Sie unsere Website besuchen. <br \/>Sie dienen dazu, bestimmte Funktionen der Website bereitzustellen und die Benutzerfreundlichkeit zu verbessern.<\/li><li><strong> Welche Cookies verwenden wir?<\/strong><br \/>Nach aktuellem Stand verwendet diese Website ausschlie\u00dflich <strong>technisch notwendige Cookies<\/strong>.<\/li><\/ol><p>Diese Cookies sind erforderlich, damit die Website korrekt funktioniert und damit Ihre Auswahl im Cookie-Banner<br \/>gespeichert werden kann.<\/p><p>Wir verwenden <strong>keine Analyse-, Marketing- oder Werbe-Cookies<\/strong>.<\/p><ol start=\"3\"><li><strong> Cookie-Banner \/ Einwilligungsverwaltung<\/strong><br \/>Auf dieser Website wird ein Cookie-Banner von <strong>CookieYes<\/strong> verwendet. Dieses dient dazu, Ihre Cookie-Einstellungen <br \/>zu verwalten und Ihre Auswahl zu speichern.<\/li><\/ol><p>Dabei kann insbesondere das technisch notwendige Cookie <strong>\u201ecookieyes-consent\u201c<\/strong> gesetzt werden, damit Ihre<br \/>Entscheidung beim erneuten Besuch der Website ber\u00fccksichtigt wird. CookieYes beschreibt dieses Cookie als erforderlich,<br \/>um die Einwilligungspr\u00e4ferenzen des Nutzers zu speichern.<\/p><ol start=\"4\"><li><strong> Rechtsgrundlage<\/strong><br \/>Soweit ausschlie\u00dflich technisch notwendige Cookies verwendet werden, erfolgt deren Einsatz auf Grundlage<br \/>unseres berechtigten Interesses an der technisch fehlerfreien und nutzerfreundlichen Bereitstellung der Website <br \/>gem\u00e4\u00df <strong>Art. 6 Abs. 1 lit. f DSGVO<\/strong>.<\/li><\/ol><p>Soweit f\u00fcr einzelne Technologien eine Einwilligung erforderlich w\u00e4re, w\u00fcrde diese auf Grundlage von <strong>\u00a7 25 TDDDG<\/strong> <br \/>sowie <strong>Art. 6 Abs. 1 lit. a DSGVO<\/strong> eingeholt werden. Nach \u00a7 25 TDDDG ist das Speichern oder Auslesen von Informationen <br \/>auf dem Endger\u00e4t grunds\u00e4tzlich nur mit Einwilligung zul\u00e4ssig; eine Ausnahme gilt f\u00fcr technisch unbedingt erforderliche<br \/>Vorg\u00e4nge.<\/p><ol start=\"5\"><li><strong> Speicherdauer<\/strong><br \/>Technisch notwendige Cookies verbleiben nur so lange auf Ihrem Endger\u00e4t, wie dies f\u00fcr die jeweilige Funktion erforderlich ist oder bis Sie diese in Ihrem Browser l\u00f6schen.<\/li><li><strong> Verwaltung und L\u00f6schung von Cookies<\/strong><br \/>Sie k\u00f6nnen Ihren Browser so einstellen, dass Sie \u00fcber das Setzen von Cookies informiert werden, Cookies nur im Einzelfall erlauben, die Annahme von Cookies f\u00fcr bestimmte F\u00e4lle oder generell ausschlie\u00dfen sowie das automatische L\u00f6schen der Cookies beim Schlie\u00dfen des Browsers aktivieren.<\/li><\/ol><p>Bereits gespeicherte Cookies k\u00f6nnen Sie jederzeit \u00fcber die Einstellungen Ihres Browsers l\u00f6schen.<\/p><ol start=\"7\"><li><strong> \u00c4nderungen dieser Cookie-Richtlinie<\/strong><br \/>Wir behalten uns vor, diese Cookie-Richtlinie anzupassen, falls sich technische oder rechtliche \u00c4nderungen ergeben.<\/li><\/ol><p><strong>Stand: 30.03.2026<\/strong><\/p>\t\t\t\t\t\t\t\t<\/div>\n\t\t\t\t\t<\/div>\n\t\t\t\t<\/div>\n\t\t\t\t<\/div>\n\t\t","protected":false},"excerpt":{"rendered":"<p>Cookie-Richtlinie Diese Cookie-Richtlinie erl\u00e4utert, wie die Website Top Tree Cookies und \u00e4hnliche Technologien verwendet. Verantwortliche StelleTop TreeInhaber: Julian JardelotLudwigshafener Str. 2267112 MutterstadtDeutschland Telefon: +49 176 31484406E-Mail: toptreebaumpflege@gmail.comWeb: top-tree.de Was sind Cookies?Cookies sind kleine Textdateien, die auf Ihrem Endger\u00e4t gespeichert werden, wenn Sie unsere Website besuchen. Sie dienen dazu, bestimmte Funktionen der Website bereitzustellen und die Benutzerfreundlichkeit zu verbessern. Welche Cookies verwenden wir?Nach aktuellem Stand verwendet diese Website ausschlie\u00dflich technisch notwendige Cookies. Diese Cookies sind erforderlich, damit die Website korrekt funktioniert und damit Ihre Auswahl im Cookie-Bannergespeichert werden kann. Wir verwenden keine Analyse-, Marketing- oder Werbe-Cookies. Cookie-Banner \/ EinwilligungsverwaltungAuf dieser Website wird ein Cookie-Banner von CookieYes verwendet. Dieses dient dazu, Ihre Cookie-Einstellungen zu verwalten und Ihre Auswahl zu speichern. Dabei kann insbesondere das technisch notwendige Cookie \u201ecookieyes-consent\u201c gesetzt werden, damit IhreEntscheidung beim erneuten Besuch der Website ber\u00fccksichtigt wird. CookieYes beschreibt dieses Cookie als erforderlich,um die Einwilligungspr\u00e4ferenzen des Nutzers zu speichern. RechtsgrundlageSoweit ausschlie\u00dflich technisch notwendige Cookies verwendet werden, erfolgt deren Einsatz auf Grundlageunseres berechtigten Interesses an der technisch fehlerfreien und nutzerfreundlichen Bereitstellung der Website gem\u00e4\u00df Art. 6 Abs. 1 lit. f DSGVO. Soweit f\u00fcr einzelne Technologien eine Einwilligung erforderlich w\u00e4re, w\u00fcrde diese auf Grundlage von \u00a7 25 TDDDG sowie Art. 6 Abs. 1 lit. a DSGVO eingeholt werden. Nach \u00a7 25 TDDDG ist das Speichern oder Auslesen von Informationen auf dem Endger\u00e4t grunds\u00e4tzlich nur mit Einwilligung zul\u00e4ssig; eine Ausnahme gilt f\u00fcr technisch unbedingt erforderlicheVorg\u00e4nge. SpeicherdauerTechnisch notwendige Cookies verbleiben nur so lange auf Ihrem Endger\u00e4t, wie dies f\u00fcr die jeweilige Funktion erforderlich ist oder bis Sie diese in Ihrem Browser l\u00f6schen. Verwaltung und L\u00f6schung von CookiesSie k\u00f6nnen Ihren Browser so einstellen, dass Sie \u00fcber das Setzen von Cookies informiert werden, Cookies nur im Einzelfall erlauben, die Annahme von Cookies f\u00fcr bestimmte F\u00e4lle oder generell ausschlie\u00dfen sowie das automatische L\u00f6schen der Cookies beim Schlie\u00dfen des Browsers aktivieren. Bereits gespeicherte Cookies k\u00f6nnen Sie jederzeit \u00fcber die Einstellungen Ihres Browsers l\u00f6schen. \u00c4nderungen dieser Cookie-RichtlinieWir behalten uns vor, diese Cookie-Richtlinie anzupassen, falls sich technische oder rechtliche \u00c4nderungen ergeben. Stand: 30.03.2026<\/p>\n","protected":false},"author":2,"featured_media":0,"parent":0,"menu_order":0,"comment_status":"closed","ping_status":"closed","template":"","meta":{"footnotes":""},"class_list":["post-2480","page","type-page","status-publish","hentry"],"_links":{"self":[{"href":"https:\/\/top-tree.de\/index.php\/wp-json\/wp\/v2\/pages\/2480","targetHints":{"allow":["GET"]}}],"collection":[{"href":"https:\/\/top-tree.de\/index.php\/wp-json\/wp\/v2\/pages"}],"about":[{"href":"https:\/\/top-tree.de\/index.php\/wp-json\/wp\/v2\/types\/page"}],"author":[{"embeddable":true,"href":"https:\/\/top-tree.de\/index.php\/wp-json\/wp\/v2\/users\/2"}],"replies":[{"embeddable":true,"href":"https:\/\/top-tree.de\/index.php\/wp-json\/wp\/v2\/comments?post=2480"}],"version-history":[{"count":22,"href":"https:\/\/top-tree.de\/index.php\/wp-json\/wp\/v2\/pages\/2480\/revisions"}],"predecessor-version":[{"id":2830,"href":"https:\/\/top-tree.de\/index.php\/wp-json\/wp\/v2\/pages\/2480\/revisions\/2830"}],"wp:attachment":[{"href":"https:\/\/top-tree.de\/index.php\/wp-json\/wp\/v2\/media?parent=2480"}],"curies":[{"name":"wp","href":"https:\/\/api.w.org\/{rel}","templated":true}]}}